{"id":6898,"date":"2025-07-27T12:40:42","date_gmt":"2025-07-27T10:40:42","guid":{"rendered":"https:\/\/gracecos.fr\/?post_type=product&#038;p=6898"},"modified":"2025-07-27T12:40:42","modified_gmt":"2025-07-27T10:40:42","slug":"huile-sublimatrice-pailletee","status":"publish","type":"product","link":"https:\/\/gracecos.fr\/index.php\/product\/huile-sublimatrice-pailletee\/","title":{"rendered":"Huile Sublimatrice Paillet\u00e9e"},"content":{"rendered":"<p data-start=\"1456\" data-end=\"1626\">Un \u00e9clat nacr\u00e9, d\u00e9licat et envo\u00fbtant, comme un reflet de lune sur ta peau.<br data-start=\"1530\" data-end=\"1533\" \/>Moonlight Shimmer est parfaite en highlight ou en all-over pour un effet f\u00e9\u00e9rique et raffin\u00e9.<\/p>\n<p data-start=\"1628\" data-end=\"1745\"><strong data-start=\"1628\" data-end=\"1639\">Notes :<\/strong> poudr\u00e9e, douce, l\u00e9g\u00e8rement sucr\u00e9e<br data-start=\"1673\" data-end=\"1676\" \/><strong data-start=\"1676\" data-end=\"1693\">Id\u00e9ale pour :<\/strong> peaux claires, ou en touche glow sur les zones cl\u00e9s<\/p>\n<blockquote data-start=\"1747\" data-end=\"1847\">\n<p data-start=\"1749\" data-end=\"1847\">\u2728 Paillettes argent\u00e9es-nacr\u00e9es<br data-start=\"1779\" data-end=\"1782\" \/>\ud83c\udf3f Non grasse, p\u00e9n\u00e8tre rapidement<br data-start=\"1817\" data-end=\"1820\" \/>\ud83d\udc9b Parfum doux et \u00e9l\u00e9gant<\/p>\n<\/blockquote>\n","protected":false},"excerpt":{"rendered":"<p>Un \u00e9clat nacr\u00e9, d\u00e9licat et envo\u00fbtant, comme un reflet de lune sur ta peau.Moonlight Shimmer est parfaite en highlight ou en all-over pour un effet f\u00e9\u00e9rique et raffin\u00e9. Notes : poudr\u00e9e, douce, l\u00e9g\u00e8rement sucr\u00e9eId\u00e9ale pour : peaux claires, ou en touche glow sur les zones cl\u00e9s \u2728 Paillettes argent\u00e9es-nacr\u00e9es\ud83c\udf3f Non grasse, p\u00e9n\u00e8tre rapidement\ud83d\udc9b Parfum doux &hellip; <a href=\"https:\/\/gracecos.fr\/index.php\/product\/huile-sublimatrice-pailletee\/\" class=\"more-link\">Continue reading <span class=\"screen-reader-text\">Huile Sublimatrice Paillet\u00e9e<\/span><\/a><\/p>\n","protected":false},"featured_media":6897,"comment_status":"open","ping_status":"closed","template":"","meta":{"_acf_changed":false,"_seopress_robots_primary_cat":"","_seopress_titles_title":"","_seopress_titles_desc":"","_seopress_robots_index":"","_mi_skip_tracking":false},"product_cat":[15],"product_tag":[],"class_list":{"0":"post-6898","1":"product","2":"type-product","3":"status-publish","4":"has-post-thumbnail","6":"product_cat-sans-categorie","9":"instock","10":"shipping-taxable","11":"purchasable","12":"product-type-simple"},"acf":[],"_links":{"self":[{"href":"https:\/\/gracecos.fr\/index.php\/wp-json\/wp\/v2\/product\/6898","targetHints":{"allow":["GET"]}}],"collection":[{"href":"https:\/\/gracecos.fr\/index.php\/wp-json\/wp\/v2\/product"}],"about":[{"href":"https:\/\/gracecos.fr\/index.php\/wp-json\/wp\/v2\/types\/product"}],"replies":[{"embeddable":true,"href":"https:\/\/gracecos.fr\/index.php\/wp-json\/wp\/v2\/comments?post=6898"}],"version-history":[{"count":1,"href":"https:\/\/gracecos.fr\/index.php\/wp-json\/wp\/v2\/product\/6898\/revisions"}],"predecessor-version":[{"id":6901,"href":"https:\/\/gracecos.fr\/index.php\/wp-json\/wp\/v2\/product\/6898\/revisions\/6901"}],"wp:featuredmedia":[{"embeddable":true,"href":"https:\/\/gracecos.fr\/index.php\/wp-json\/wp\/v2\/media\/6897"}],"wp:attachment":[{"href":"https:\/\/gracecos.fr\/index.php\/wp-json\/wp\/v2\/media?parent=6898"}],"wp:term":[{"taxonomy":"product_cat","embeddable":true,"href":"https:\/\/gracecos.fr\/index.php\/wp-json\/wp\/v2\/product_cat?post=6898"},{"taxonomy":"product_tag","embeddable":true,"href":"https:\/\/gracecos.fr\/index.php\/wp-json\/wp\/v2\/product_tag?post=6898"}],"curies":[{"name":"wp","href":"https:\/\/api.w.org\/{rel}","templated":true}]}}