{"id":185,"date":"2021-10-20T04:38:50","date_gmt":"2021-10-20T04:38:50","guid":{"rendered":"https:\/\/hara.thembaydev.com\/?post_type=product&#038;p=185"},"modified":"2025-11-09T18:20:23","modified_gmt":"2025-11-09T17:20:23","slug":"savon-reparateur-nettoyant-nourrissant","status":"publish","type":"product","link":"https:\/\/gracecos.fr\/index.php\/product\/savon-reparateur-nettoyant-nourrissant\/","title":{"rendered":"Savon r\u00e9parateur, nettoyant, nourrissant"},"content":{"rendered":"<p>Il est riche en Collag\u00e8ne puissant, en vitamine C et en arbutine qui peuvent \u00e9liminer efficacement les taches brunes, am\u00e9liorer l&#8217;aspect terne de la peau et unifier le teint. Ceux-ci augmentent efficacement l&#8217;\u00e9lasticit\u00e9 de la peau et la vitalit\u00e9 des cellules.<\/p>\n<p>Tout en nettoyant en profondeur, votre peau aura un \u00e9clat naturel avec la vigueur de la jeunesse.<\/p>\n<p><strong>Convient \u00e0 tous les types de peau.<\/strong><\/p>\n<p><strong>Ingredients:<\/strong><\/p>\n<p>Eau, huile de coco, glyc\u00e9rine, acide st\u00e9arique, acide laurique, vitamine C, arbutine, collag\u00e8ne.<\/p>\n<p><strong>Mode d&#8217;emploi : <\/strong><\/p>\n<p>Apr\u00e8s avoir humidifi\u00e9 le savon, frottez vos mains jusqu&#8217;\u00e0 l&#8217;obtention d&#8217;une mousse. Appliquez sur le visage, \u00e9galement sur tout le corps.<\/p>\n","protected":false},"excerpt":{"rendered":"<p>Il est riche en Collag\u00e8ne puissant, en vitamine C et en arbutine qui peuvent \u00e9liminer efficacement les taches brunes, am\u00e9liorer l&#8217;aspect terne de la peau et unifier le teint. Ceux-ci augmentent efficacement l&#8217;\u00e9lasticit\u00e9 de la peau et la vitalit\u00e9 des cellules.<\/p>\n","protected":false},"featured_media":6394,"comment_status":"open","ping_status":"closed","template":"","meta":{"_acf_changed":false,"_seopress_robots_primary_cat":"","_seopress_titles_title":"","_seopress_titles_desc":"","_seopress_robots_index":"","_mi_skip_tracking":false},"product_cat":[57,49],"product_tag":[],"class_list":{"0":"post-185","1":"product","2":"type-product","3":"status-publish","4":"has-post-thumbnail","6":"product_cat-nettoyants","7":"product_cat-soins-de-peau","8":"product_shipping_class-3-5-jours-ouvres","11":"outofstock","12":"shipping-taxable","13":"purchasable","14":"product-type-simple"},"acf":[],"_links":{"self":[{"href":"https:\/\/gracecos.fr\/index.php\/wp-json\/wp\/v2\/product\/185","targetHints":{"allow":["GET"]}}],"collection":[{"href":"https:\/\/gracecos.fr\/index.php\/wp-json\/wp\/v2\/product"}],"about":[{"href":"https:\/\/gracecos.fr\/index.php\/wp-json\/wp\/v2\/types\/product"}],"replies":[{"embeddable":true,"href":"https:\/\/gracecos.fr\/index.php\/wp-json\/wp\/v2\/comments?post=185"}],"version-history":[{"count":5,"href":"https:\/\/gracecos.fr\/index.php\/wp-json\/wp\/v2\/product\/185\/revisions"}],"predecessor-version":[{"id":6829,"href":"https:\/\/gracecos.fr\/index.php\/wp-json\/wp\/v2\/product\/185\/revisions\/6829"}],"wp:featuredmedia":[{"embeddable":true,"href":"https:\/\/gracecos.fr\/index.php\/wp-json\/wp\/v2\/media\/6394"}],"wp:attachment":[{"href":"https:\/\/gracecos.fr\/index.php\/wp-json\/wp\/v2\/media?parent=185"}],"wp:term":[{"taxonomy":"product_cat","embeddable":true,"href":"https:\/\/gracecos.fr\/index.php\/wp-json\/wp\/v2\/product_cat?post=185"},{"taxonomy":"product_tag","embeddable":true,"href":"https:\/\/gracecos.fr\/index.php\/wp-json\/wp\/v2\/product_tag?post=185"}],"curies":[{"name":"wp","href":"https:\/\/api.w.org\/{rel}","templated":true}]}}