{"id":6280,"date":"2024-03-29T11:10:00","date_gmt":"2024-03-29T10:10:00","guid":{"rendered":"https:\/\/gracecos.fr\/?page_id=6280"},"modified":"2024-03-29T12:23:44","modified_gmt":"2024-03-29T11:23:44","slug":"mentions-legales","status":"publish","type":"page","link":"https:\/\/gracecos.fr\/index.php\/mentions-legales\/","title":{"rendered":"Mentions l\u00e9gales"},"content":{"rendered":"<p><strong>Mentions L\u00e9gales<\/strong><\/p>\n<p><strong>\u00c9diteur du Site :<\/strong><\/p>\n<p>Le site <a href=\"http:\/\/www.gracecos.fr\/\" target=\"_new\" rel=\"noopener\">www.gracecos.fr<\/a> est \u00e9dit\u00e9 par Grace Cosm\u00e9tiques, entreprise individuelle inscrite au Registre du Commerce et des Soci\u00e9t\u00e9s sous le num\u00e9ro [num\u00e9ro RCS], dont le si\u00e8ge social est situ\u00e9 \u00e0 [adresse compl\u00e8te du si\u00e8ge social], France.<\/p>\n<p><strong>Directeur de la publication :<\/strong><\/p>\n<p>Mme Grace Kossonou, en sa qualit\u00e9 de fondatrice de Grace Cosm\u00e9tiques. Contact : [adresse e-mail de contact], [num\u00e9ro de t\u00e9l\u00e9phone].<\/p>\n<p><strong>H\u00e9bergement du Site :<\/strong><\/p>\n<p>Le site est h\u00e9berg\u00e9 par [Nom de l&#8217;h\u00e9bergeur], [adresse compl\u00e8te de l&#8217;h\u00e9bergeur], [num\u00e9ro de t\u00e9l\u00e9phone de l&#8217;h\u00e9bergeur].<\/p>\n<p><strong>Propri\u00e9t\u00e9 intellectuelle :<\/strong><\/p>\n<p>L&#8217;ensemble de ce site rel\u00e8ve de la l\u00e9gislation fran\u00e7aise et internationale sur le droit d&#8217;auteur et la propri\u00e9t\u00e9 intellectuelle. Tous les droits de reproduction sont r\u00e9serv\u00e9s, y compris pour les documents t\u00e9l\u00e9chargeables et les repr\u00e9sentations iconographiques et photographiques. La reproduction de tout ou partie de ce site sur un support \u00e9lectronique quel qu&#8217;il soit est formellement interdite sauf autorisation expresse du directeur de la publication.<\/p>\n<p><strong>Donn\u00e9es personnelles :<\/strong><\/p>\n<p>Conform\u00e9ment \u00e0 la loi &#8220;Informatique et Libert\u00e9s&#8221; du 6 janvier 1978 modifi\u00e9e et au R\u00e8glement G\u00e9n\u00e9ral sur la Protection des Donn\u00e9es (RGPD) du 25 mai 2018, vous disposez d&#8217;un droit d&#8217;acc\u00e8s, de rectification, de limitation, d&#8217;opposition, de suppression et de portabilit\u00e9 des donn\u00e9es vous concernant. Pour exercer ces droits, vous pouvez contacter Grace Cosm\u00e9tiques via l&#8217;adresse e-mail ou postale mentionn\u00e9e ci-dessus.<\/p>\n<p><strong>Limitation de responsabilit\u00e9 :<\/strong><\/p>\n<p>Grace Cosm\u00e9tiques s&#8217;efforce d&#8217;assurer au mieux de ses possibilit\u00e9s, l&#8217;exactitude et la mise \u00e0 jour des informations diffus\u00e9es sur ce site, dont elle se r\u00e9serve le droit de corriger, \u00e0 tout moment et sans pr\u00e9avis, le contenu. Toutefois, Grace Cosm\u00e9tiques ne peut garantir l&#8217;exactitude, la pr\u00e9cision ou l&#8217;exhaustivit\u00e9 des informations mises \u00e0 disposition sur ce site.<\/p>\n<p><strong>Liens hypertextes :<\/strong><\/p>\n<p>Des liens hypertextes pr\u00e9sents sur le site <a href=\"http:\/\/www.gracecos.fr\/\" target=\"_new\" rel=\"noopener\">www.gracecos.fr<\/a> peuvent renvoyer vers d&#8217;autres sites web. Grace Cosm\u00e9tiques d\u00e9gage toute responsabilit\u00e9 dans le cas o\u00f9 le contenu de ces sites contreviendrait aux dispositions l\u00e9gales et r\u00e9glementaires en vigueur.<\/p>\n<p><strong>Droit applicable :<\/strong><\/p>\n<p>Les pr\u00e9sentes mentions l\u00e9gales sont soumises au droit fran\u00e7ais. En cas de litige, les tribunaux fran\u00e7ais seront seuls comp\u00e9tents.<\/p>\n<p><strong>Mise \u00e0 jour des mentions l\u00e9gales :<\/strong><\/p>\n<p>Ces mentions l\u00e9gales peuvent \u00eatre modifi\u00e9es \u00e0 tout moment sans pr\u00e9avis. Nous vous invitons \u00e0 les consulter r\u00e9guli\u00e8rement.<\/p>\n<p>Pour toute question relative aux mentions l\u00e9gales, veuillez contacter Grace Cosm\u00e9tiques \u00e0 l&#8217;adresse e-mail ou postale mentionn\u00e9e ci-dessus.<\/p>\n","protected":false},"excerpt":{"rendered":"<p>Mentions L\u00e9gales \u00c9diteur du Site : Le site www.gracecos.fr est \u00e9dit\u00e9 par Grace Cosm\u00e9tiques, entreprise individuelle inscrite au Registre du Commerce et des Soci\u00e9t\u00e9s sous le num\u00e9ro [num\u00e9ro RCS], dont le si\u00e8ge social est situ\u00e9 \u00e0 [adresse compl\u00e8te du si\u00e8ge social], France. Directeur de la publication : Mme Grace Kossonou, en sa qualit\u00e9 de fondatrice &hellip; <a href=\"https:\/\/gracecos.fr\/index.php\/mentions-legales\/\" class=\"more-link\">Continue reading <span class=\"screen-reader-text\">Mentions l\u00e9gales<\/span><\/a><\/p>\n","protected":false},"author":1,"featured_media":0,"parent":0,"menu_order":0,"comment_status":"closed","ping_status":"open","template":"","meta":{"_acf_changed":false,"_seopress_robots_primary_cat":"","_seopress_titles_title":"","_seopress_titles_desc":"","_seopress_robots_index":"","_mi_skip_tracking":false,"footnotes":""},"class_list":["post-6280","page","type-page","status-publish","hentry"],"acf":[],"_links":{"self":[{"href":"https:\/\/gracecos.fr\/index.php\/wp-json\/wp\/v2\/pages\/6280","targetHints":{"allow":["GET"]}}],"collection":[{"href":"https:\/\/gracecos.fr\/index.php\/wp-json\/wp\/v2\/pages"}],"about":[{"href":"https:\/\/gracecos.fr\/index.php\/wp-json\/wp\/v2\/types\/page"}],"author":[{"embeddable":true,"href":"https:\/\/gracecos.fr\/index.php\/wp-json\/wp\/v2\/users\/1"}],"replies":[{"embeddable":true,"href":"https:\/\/gracecos.fr\/index.php\/wp-json\/wp\/v2\/comments?post=6280"}],"version-history":[{"count":2,"href":"https:\/\/gracecos.fr\/index.php\/wp-json\/wp\/v2\/pages\/6280\/revisions"}],"predecessor-version":[{"id":6319,"href":"https:\/\/gracecos.fr\/index.php\/wp-json\/wp\/v2\/pages\/6280\/revisions\/6319"}],"wp:attachment":[{"href":"https:\/\/gracecos.fr\/index.php\/wp-json\/wp\/v2\/media?parent=6280"}],"curies":[{"name":"wp","href":"https:\/\/api.w.org\/{rel}","templated":true}]}}